
Calculate the remainder when 11737 is divided by 83.
34
Calculate the remainder when 101448 is divided by 23.
18
Calculate the remainder when 1966520 is divided by 12368.
8
Calculate the remainder when 37647 is divided by 37633.
14
What is the remainder when 26749 is divided by 8914?
7
Calculate the remainder when 2058 is divided by 170.
18
What is the remainder when 1545 is divided by 226?
189
What is the remainder when 13639 is divided by 30?
19
Calculate the remainder when 332921 is divided by 577.
569
Calculate the remainder when 2391 is divided by 787.
30
Calculate the remainder when 60098 is divided by 30039.
20
What is the remainder when 27398 is divided by 13695?
8
Calculate the remainder when 6990 is divided by 2328.
6
What is the remainder when 9059 is divided by 3000?
59
What is the remainder when 50364 is divided by 3592?
76
What is the remainder when 4417698 is divided by 700?
698
Calculate the remainder when 25209 is divided by 191.
188
What is the remainder when 1173 is divided by 701?
472
Calculate the remainder when 20328 is divided by 29.
28
Calculate the remainder when 96792 is divided by 102.
96
Calculate the remainder when 1834 is divided by 1794.
40
Calculate the remainder when 13840 is divided by 692.
0
What is the remainder when 3547 is divided by 3542?
5
Calculate the remainder when 107356 is divided by 47.
8
What is the remainder when 162960 is divided by 273?
252
Calculate the remainder when 2303 is divided by 184.
95
What is the remainder when 35215 is divided by 3018?
2017
Calculate the remainder when 256 is divided by 181.
75
What is the remainder when 72953 is divided by 236?
29
Calculate the remainder when 33756 is divided by 15.
6
Calculate the remainder when 1330 is divided by 605.
120
What is the remainder when 8775 is divided by 255?
105
Calculate the remainder when 40307 is divided by 126.
113
Calculate the remainder when 1368484 is divided by 155.
144
Calculate the remainder when 328891 is divided by 2631.
16
Calculate the remainder when 137618 is divided by 2085.
8
Calculate the remainder when 8358 is divided by 44.
42
Calculate the remainder when 22218 is divided by 190.
178
Calculate the remainder when 181223 is divided by 74.
71
Calculate the remainder when 32250 is divided by 132.
42
What is the remainder when 1953 is divided by 623?
84
What is the remainder when 1050 is divided by 85?
30
What is the remainder when 256601 is divided by 648?
641
What is the remainder when 44021 is divided by 46?
45
Calculate the remainder when 1417 is divided by 5.
2
What is the remainder when 1880 is divided by 103?
26
Calculate the remainder when 48287 is divided by 36.
11
Calculate the remainder when 4875 is divided by 272.
251
Calculate the remainder when 158 is divided by 60.
38
Calculate the remainder when 153249 is divided by 33.
30
What is the remainder when 66051 is divided by 14?
13
What is the remainder when 148351 is divided by 304?
303
What is the remainder when 970947 is divided by 22?
21
What is the remainder when 9765 is divided by 111?
108
What is the remainder when 216866 is divided by 6?
2
Calculate the remainder when 1725 is divided by 46.
23
Calculate the remainder when 1386 is divided by 130.
86
Calculate the remainder when 519644 is divided by 21.
20
What is the remainder when 153270 is divided by 196?
194
What is the remainder when 65361 is divided by 13065?
36
Calculate the remainder when 12954 is divided by 24.
18
Calculate the remainder when 2512 is divided by 1376.
1136
What is the remainder when 164423 is divided by 148?
143
What is the remainder when 215 is divided by 214?
1
Calculate the remainder when 96288 is divided by 362.
358
Calculate the remainder when 133670 is divided by 22.
20
Calculate the remainder when 4574 is divided by 163.
10
Calculate the remainder when 823741 is divided by 9.
7
What is the remainder when 4426 is divided by 1301?
523
Calculate the remainder when 205703 is divided by 136.
71
Calculate the remainder when 171694 is divided by 24.
22
Calculate the remainder when 20032 is divided by 153.
142
What is the remainder when 5513 is divided by 31?
26
Calculate the remainder when 2047 is divided by 127.
15
What is the remainder when 42506 is divided by 14?
2
Calculate the remainder when 15079 is divided by 91.
64
Calculate the remainder when 579808 is divided by 385.
383
Calculate the remainder when 378342 is divided by 22.
8
What is the remainder when 2368 is divided by 91?
2
What is the remainder when 4230 is divided by 94?
0
What is the remainder when 2821 is divided by 924?
49
Calculate the remainder when 74993 is divided by 28.
9
Calculate the remainder when 77523 is divided by 23.
13
Calculate the remainder when 11360 is divided by 61.
14
What is the remainder when 262005 is divided by 12?
9
What is the remainder when 24616 is divided by 87?
82
What is the remainder when 36377 is divided by 844?
85
What is the remainder when 1133423 is divided by 51?
50
What is the remainder when 132401 is divided by 239?
234
What is the remainder when 35554 is divided by 27?
22
What is the remainder when 3739 is divided by 44?
43
What is the remainder when 27224 is divided by 1297?
1284
Calculate the remainder when 31459 is divided by 437.
432
What is the remainder when 114663 is divided by 76?
55
Calculate the remainder when 6900 is divided by 7.
5
Calculate the remainder when 440638 is divided by 765.
763
Calculate the remainder when 6191 is divided by 1621.
1328
What is the remainder when 533344 is divided by 1071?
1057
Calculate the remainder when 12848 is divided by 56.
24
What is the remainder when 9396 is divided by 71?
24
Calculate the remainder when 4664 is divided by 31.
14
Calculate the remainder when 9854 is divided by 678.
362
Calculate the remainder when 34681 is divided by 257.
243
What is the remainder when 55068 is divided by 7866?
6
What is the remainder when 111641 is divided by 60?
41
Calculate the remainder when 94367 is divided by 36.
11
Calculate the remainder when 94 is divided by 20.
14
Calculate the remainder when 5695 is divided by 438.
1
Calculate the remainder when 1282 is divided by 1243.
39
Calculate the remainder when 155021 is divided by 187.
185
Calculate the remainder when 4200 is divided by 257.
88
Calculate the remainder when 67351 is divided by 22450.
1
Calculate the remainder when 20786 is divided by 99.
95
Calculate the remainder when 1959 is divided by 617.
108
Calculate the remainder when 18921 is divided by 149.
147
Calculate the remainder when 37177 is divided by 58.
57
Calculate the remainder when 28842 is divided by 489.
480
What is the remainder when 102362 is divided by 4?
2
What is the remainder when 8197 is divided by 755?
647
What is the remainder when 144 is divided by 25?
19
Calculate the remainder when 13141 is divided by 626.
621
Calculate the remainder when 164975 is divided by 53.
39
What is the remainder when 15039 is divided by 17?
11
Calculate the remainder when 206207 is divided by 48.
47
Calculate the remainder when 55321 is divided by 3929.
315
Calculate the remainder when 2409 is divided by 111.
78
Calculate the remainder when 3728 is divided by 41.
38
Calculate the remainder when 94313 is divided by 453.
89
What is the remainder when 36392 is divided by 79?
52
What is the remainder when 1401 is divided by 149?
60
What is the remainder when 51915 is divided by 17270?
105
Calculate the remainder when 518077 is divided by 972.
1
What is the remainder when 4846 is divided by 42?
16
Calculate the remainder when 76078 is divided by 409.
4
What is the remainder when 716920 is divided by 15253?
29
Calculate the remainder when 236191 is divided by 29522.
15
Calculate the remainder when 13747 is divided by 1941.
160
Calculate the remainder when 2723 is divided by 2721.
2
What is the remainder when 58200 is divided by 9?
6
What is the remainder when 35785 is divided by 689?
646
Calculate the remainder when 254520 is divided by 36359.
7
What is the remainder when 21501 is divided by 2387?
18
Calculate the remainder when 6539 is divided by 1611.
95
Calculate the remainder when 108354 is divided by 36117.
3
Calculate the remainder when 4175 is divided by 467.
439
Calculate the remainder when 9672 is divided by 97.
69
Calc